uppose 2*v + 0*p = -4*p, 5*v + 5*p = 5. Suppose 0 = 2*y + 5*c + 18 - 58, 5*y - v*c = 71. Is y prime?
False
Let m(w) = -3*w**2 - 25*w + 13. Let v(h) = 4*h**2 + 26*h - 13. Let c(b) = -5*m(b) - 4*v(b). Is c(16) composite?
False
Let c be (-1)/(-2)*2*-14. Let i = -430 + 742. Is (i - c)*(-14)/(-4) composite?
True
Let m = 389 - 125. Suppose 4*j = 2372 - m. Is j prime?
False
Let a be ((-3)/(-9))/(1/18). Let i be (21/a)/((-6)/(-2220)). Suppose 0 = -7*b + 2*b + i. Is b composite?
True
Let r(z) = 38*z + 149. Is r(5) a composite number?
True
Suppose -5*p + 796 = 4*z + 248, p = 0. Let j = 264 - z. Is j composite?
False
Let z(d) = 2033*d + 55. Is z(4) a prime number?
False
Let u = -1150 + 1908. Is u a composite number?
True
Let m = -16 + 20. Suppose -j - 2 - 2 = -3*a, m*j = -5*a - 33. Let b(u) = 7*u**2 - 11*u + 2. Is b(j) a prime number?
False
Let b(u) = -8*u**2 - 11*u + 6. Let i be (0 - 3)/(3/(-4)). Let w be b(i). Let o = w - -353. Is o a prime number?
False
Let v(k) be the second derivative of -149*k**3/3 - 2*k**2 + 3*k. Let q be v(-5). Suppose 5*c + q = 2*m, 210 + 533 = m - 3*c. Is m a prime number?
True
Let o(z) = 6*z**3 + 70*z**2 - 6*z - 17. Is o(-10) a prime number?
False
Let i = -18 - -4. Let s(a) = 4*a**2 + 4*a + 10. Let g be s(i). Let j = g - -521. Is j a composite number?
False
Suppose -3*v - 5*s = -28, 6*s = -2*v + s + 27. Let w(d) = -d**3 + 3*d**2 - 2*d + 1. Let b be w(v). Is (-12)/(-3) - (-48 - b) a composite number?
False
Let o(x) = -5*x + 1 - 12 - x. Suppose -3*r - 2*u = 25, -3*r + 11 - 30 = -u. Is o(r) a prime number?
True
Let i(p) = p**2 - 11*p - 3. Let x(w) = 2*w**2 - 23*w - 5. Let o(a) = -7*i(a) + 4*x(a). Let k be o(15). Suppose k = -3*c + 46. Is c a composite number?
True
Let i = 37532 - -28359. Is i a composite number?
True
Suppose -n - 276 = -5*n. Let a = 50 + n. Is a composite?
True
Let s(h) = -h**2 - 2*h - 22 + 0*h**2 + 7*h**3 + 13*h**3 + 19. Is s(2) composite?
False
Suppose -x - 2218 = -547. Is 3/(-27)*3*x a prime number?
True
Let m(u) be the third derivative of 17*u**7/5040 + 7*u**6/240 - u**5/20 + u**2. Let x(d) be the third derivative of m(d). Is x(10) a composite number?
False
Let o be (-4)/14 + 37/7. Is o + -4 - (-337 - -1) composite?
False
Let q be -218*1/(-2)*4. Suppose j = -g + 86, -5*j = 3*g + 12 - q. Is j composite?
False
Let l be (2 - (-7)/(-3))*(549 + -6). Let r = l + 435. Is r composite?
True
Suppose -4*d - 3*w - 10010 = -3427, -5*d - w = 8226. Let u(q) = -160*q + 4. Let c be u(7). Let g = c - d. Is g a prime number?
False
Suppose 4*o = 922 + 1146. Let k = o - 38. Is k prime?
True
Suppose -38*b - 201643 = -51*b. Is b a prime number?
True
Suppose 0 = -5*k + 5*i + 14650, -2*k + 3202 = -i - 2655. Is k prime?
True
Let y(w) = -411*w + 88. Is y(-13) a composite number?
False
Suppose 0 = -0*i - i - p, 0 = i + 3*p + 8. Suppose 5*g = i*g + 889. Is g a composite number?
True
Is ((-63)/14 + 4)*(3 - 100525) a prime number?
True
Let v(x) = 23*x**2 - 11*x - 33. Is v(-7) a prime number?
True
Is (1/(-2))/(8/(-254512)) prime?
True
Suppose 0*q + 52 = 4*q. Let c(k) be the second derivative of -k**5/20 + 7*k**4/6 - 7*k**3/6 + 11*k**2/2 + 2*k. Is c(q) a prime number?
True
Is (-1 - -111238)/((-15)/(-5)) a prime number?
False
Let t(m) = 562*m + 1. Is t(8) a composite number?
True
Suppose 3172 = 4*x + 5*u, -496 - 297 = -x - u. Is x prime?
False
Let l(f) = -24*f**3 + 2*f**2 - 10*f - 6. Let s be l(-8). Suppose 4*t - s = -2282. Suppose x = -7*x + t. Is x prime?
False
Let i(x) = -x**2 + 8*x - 8. Let d be i(6). Suppose -r + 8 = 4*v, d*r - 13 = -3*v + 6. Suppose 5*f - r*s = 167, 3*s = -2*f + 7*s + 62. Is f a composite number?
True
Let y = 23453 - 11470. Is y a prime number?
False
Let l = 17417 + -5014. Is l composite?
True
Let t = 3 + 6922. Suppose 3*v + 2*v - t = 0. Is v a prime number?
False
Let g(i) = 392*i - 1037. Is g(32) a prime number?
False
Suppose 2*j - 2 = 3*j. Let h = 0 - j. Suppose h*v - 1772 = -2*v. Is v composite?
False
Suppose h - 5*h = 4*s - 764, -h - 5*s = -187. Let d = h + -13. Is d a prime number?
True
Is (-421276)/(-8)*-1*(16 + -18) prime?
True
Let p(z) = 35*z**3 + 6*z**2 - 6*z + 29. Is p(7) composite?
True
Let p = 827 + -30. Is p a composite number?
False
Let o(a) be the second derivative of 8*a**4/3 - 2*a**3/3 - 7*a**2/2 + 11*a. Is o(4) a prime number?
False
Let z be (-3)/(-6) - (-199)/(-2). Let u = z + 390. Is u a prime number?
False
Let c = 26770 + -14847. Is c prime?
True
Let a(f) = -f**3 + 3*f**2 + f. Let x be a(3). Is x - ((-6)/21 - (-2756)/(-7)) a prime number?
True
Let x(l) = l. Let r(p) = 118*p - 13. Let a(n) = -r(n) - 4*x(n). Is a(-9) composite?
True
Let x be 3 + (1 + -2 - -1). Suppose -2*k = -3*c + 7, 0*k = x*k - 12. Suppose c*f - 24 = 11. Is f prime?
True
Suppose -7*b = 9508 + 866. Let c = b - -2268. Suppose -5*o + 1999 + c = 0. Is o a composite number?
False
Let i = -560 - -330. Let f = i - -363. Is f prime?
False
Let c = 1155 + 1972. Is c prime?
False
Let z = -17 - -85. Suppose 2*q = -y - 3*q + z, 2*y = 3*q + 71. Suppose -x + 0*x + y = 0. Is x composite?
False
Suppose -c = c - 14. Is 60/(-105) + 5205/c a composite number?
False
Let j(m) = -13*m + 2*m**2 + 5*m + 5*m**2 - 13. Is j(6) prime?
True
Let p = 74241 - 46027. Is p prime?
False
Is ((-10651)/6)/((-5)/(34 - 4)) prime?
True
Suppose y = -2*a + 1420, 3*y = 2*a - 4*a + 4244. Suppose 4*g = 2096 + y. Is g prime?
True
Let n be (-57)/(-12) + 4/16. Suppose 0 = -n*l - 4*o + 275 + 312, 3*l - 5*o = 330. Is l prime?
False
Let z be 111/(-6) + (-1)/2. Let s = z - -10. Is (-762)/s - 2/(-6) a prime number?
False
Let u = -322 + 830. Let p = u - 19. Is p a prime number?
False
Let q be ((-12)/3)/(-4 - -3). Is -206*2*q/(-16) prime?
True
Suppose -t + 30 = t - 4*o, o + 15 = 2*t. Suppose t*w + 20 = d, 0 = 3*d - 5*w + 11 - 31. Suppose -2*v + 0*v + 116 = d. Is v prime?
False
Let x(m) = -7*m**2 + 9*m - 29. Let n be x(-12). Let u = n + 1634. Is u a prime number?
False
Let a = 41 - 36. Suppose 3*c - 216 = c + i, -c - a*i + 119 = 0. Is c prime?
True
Let v(o) = -149*o**2 - 2*o - 1. Let z be v(-1). Is (9/(-3))/(-3) - z prime?
True
Suppose 0*z + 5*z = 45. Is 34*z - (-2 - -1) a prime number?
True
Let p(l) = -14*l + 8. Let m be p(-4). Suppose 3*i = -422 - m. Is -7 + 8 + i/(-1) prime?
True
Let u = -1 + 1. Suppose 4*f + f - 1253 = 2*l, u = -2*f - 3*l + 505. Is f a composite number?
False
Let z = -598 - -1281. Is z composite?
False
Suppose 0 = -4*k + 2*k + 4. Suppose -2*z + 394 = 4*l, 0 = -k*z + l + 541 - 162. Is z prime?
True
Suppose -3*f - 14723 = -2*y - 0*f, 0 = 3*f - 15. Is y composite?
False
Suppose -5*c + 3*i + 5938 = 0, 0*i + 4744 = 4*c + 4*i. Is c prime?
True
Suppose 0 = z - 3*o - 14, -5*z = -4*z + 3*o + 4. Suppose -z*i + 27 = -303. Suppose -c + 23 = -i. Is c a composite number?
False
Is 4/1 - (1 - 1258) a composite number?
True
Let b be (4 - -8)*4/6. Let i(p) = -p**2 + 8*p + 3. Let a be i(b). Suppose -a*o + 158 + 91 = 0. Is o composite?
False
Let u(w) = -w**3 + 7*w**2 + 4*w - 2. Let c be u(9). Let h = 183 + c. Is h a composite number?
True
Let g(j) = -1071*j - 14. Let p be (-14)/6 - ((-198)/(-27))/11. Is g(p) a prime number?
False
Suppose 3*u + 2 = 3*j + 8, -4*j - u = -17. Let v be -2582*j/(-6)*2. Suppose 0 = -2*y + 4, -3*i - i + 3*y + v = 0. Is i a prime number?
True
Suppose 53*j - 5531 = -y + 50*j, 4*j + 11022 = 2*y. Is y prime?
True
Let r(k) be the first derivative of -597*k**2/2 - 2*k + 34. Is r(-7) a prime number?
True
Let m(j) = -4*j + 26. Let r be m(6). Suppose -3*n - h + 3*h = -757, -r*n + 473 = 5*h. Is n composite?
True
Let g = 32 + -46. Let j(k) = -5*k**2 + 144*k + 57. Let f be j(29). Let x = f + g. Is x a prime number?
False
Let l be (-3647)/2 - (-1 - (-10)/4). Let b = -914 - l. Is b prime?
True
Let u = -344 - -563. Suppose 2*s - u = -o, 0*o + o = -4*s + 227. Is o a prime number?
True
Suppose -4*k - 13 - 67 = 0. Let b be (-16)/k + 2132/10. Suppose 0 = 4*q - 54 - b. Is q prime?
True
Let v be 6/2*(-8)/(-12). Let g(h) = h**3 + 5*h**2 + 4*h + 3. Let u be g(-4). Suppose -u*d + 273 = -v*r - r, 3*d = -2*r + 273. Is d composite?
True
Suppose -3*l - 3849 = -13746. Is l a composite number?
False
Is (118/4)/((-81)/90 + 1) a prime number?
False
Let a(s) be the first derivative of -s**3/3 + 3*s**2/2 - 9*s - 2. Let p(r) be the first derivative of a(r). Is p(-5) a composite number?
False
